units digit of x?
5
Let z = -118 + 196. What is the tens digit of z?
7
Suppose 5*g = y + 103, -5*y + 12 + 13 = 2*g. Suppose 0 = -5*c + g + 50. What is the units digit of c?
4
Let s = 150 - 86. What is the units digit of s?
4
Suppose -10 = 5*h, -4*o + 2*h = -o - 37. Let r(k) = -k + 27. What is the units digit of r(o)?
6
Let p(c) = -c - 7. Suppose -4*r - o + 2 = 34, 5*o - 15 = 5*r. Let v be p(r). What is the units digit of (-21)/(-6)*(v + 2)?
7
Let z(m) = -m**3 - 6*m**2 - 2*m - 9. Let i be z(-6). What is the units digit of ((-9)/3)/(i/(-33))?
3
Suppose 4*m + 22 = -6. What is the units digit of (2 - (-1 + m)) + 1?
1
Let c(z) = z**2 - 7*z - 13. Let i be c(9). Suppose -i*s = -2*w + 11, -1 - 2 = -2*w - 3*s. What is the units digit of w?
3
Let o be 6/(-10) + 459/15. Let g = -10 + o. What is the units digit of g?
0
Let q be (5/(-2))/(-5)*4. Suppose 5*j - 3*y = 179, 0*j - j + 41 = q*y. Suppose -j = -5*d - 7. What is the units digit of d?
6
Let b(f) = -f**3 + 7*f**2 + 18*f + 10. What is the units digit of b(9)?
0
Let p(s) = 10*s**2 - 5*s + 4. What is the units digit of p(4)?
4
Let p(t) = -t**3 - 10*t**2 - 13*t - 9. What is the tens digit of p(-9)?
2
What is the units digit of (-72)/(-2) - (5 + (-4 - -1))?
4
Let c be (-13 - -3)/(1 - 2). Let v = c + -9. What is the units digit of v?
1
What is the tens digit of 1/(-3*3/(-153))?
1
Let h(d) = -4*d - 2*d - 1 + d. Let n(x) = -x**3 - 6*x**2 - 2. Let g be n(-6). What is the units digit of h(g)?
9
Let i(t) = -3*t**2 + t. Let u be i(2). Let y = -5 - u. What is the units digit of y?
5
Suppose 0 = -8*m + 6*m + 84. Let b = 5 + -3. Suppose -54 = -5*k + 3*x + m, -b*k - 5*x + 26 = 0. What is the units digit of k?
8
Suppose 4*h - 2*h + 22 = 0. Let z = h - -25. What is the tens digit of z?
1
Let d = 9 - 3. Suppose -m - 4*j = 19, 3*j + d = -4*m - 5. What is the units digit of m?
1
Let y = -48 - -70. What is the tens digit of y?
2
Let k(i) = -2*i - 2. Let r be k(-3). Let p(z) = 4*z - 3. Let n be p(2). Suppose -r - n = -f. What is the units digit of f?
9
Let d = -16 + 55. What is the units digit of d?
9
Suppose 0 = 3*f - 5*f + 46. What is the units digit of f?
3
What is the tens digit of 185/(-10)*2*-7?
5
What is the units digit of 0 + 51 - 9/3?
8
Suppose 104 = 3*p - 5*u, -5*p + 146 + 24 = -5*u. What is the units digit of p?
3
Let h(g) = -g**2 + 7*g - 4. Let l be h(6). Suppose 0 = -l*s + 4 + 6. What is the units digit of s?
5
Suppose -m + 4 = 1. Let h be (20/(-3) + 2)*m. Let g = -9 - h. What is the units digit of g?
5
Suppose -4*g + 1 + 11 = 2*h, 5*h + 30 = 2*g. Let i = 24 - -2. What is the units digit of h/26 - (-160)/i?
6
Let l = 75 + -44. What is the units digit of l?
1
Suppose 4*i - 14 = 3*w, -i = 5*w + i + 32. What is the units digit of (-110)/w - 6/(-9)?
9
Let x be ((-6)/(-4))/(6/16). Suppose -2*q - q + 27 = a, -36 = -x*q + 4*a. What is the units digit of q?
9
Suppose -3*r - r + 76 = 0. What is the tens digit of r?
1
Suppose 0 = -4*u + 6 + 10. Let f(p) = p**3 + p**2. Let q(v) = 4*v**2 + 4*v - 6. Let t(r) = f(r) - q(r). What is the units digit of t(u)?
6
Let k = -21 + 30. Let s be (6/k)/((-2)/(-12)). Suppose -s = -2*n + 4. What is the units digit of n?
4
Let y(f) = 19*f**3 - 4. What is the units digit of y(2)?
8
Suppose 3*j - 22 = -2*s, -5*j - 5*s = -j - 41. Let d(g) = -g**3 - 4*g**2 - g - 2. Let z be d(-4). Let r = j - z. What is the units digit of r?
2
Let z = -6 + 8. Let i be (-175)/(-15)*(-6)/z. Let p = 50 + i. What is the units digit of p?
5
Let u be (-7)/(-2)*(-10)/(-1). Let b = 63 - u. What is the tens digit of b?
2
Suppose -13*j + 817 = 6*j. What is the units digit of j?
3
Suppose -4*o + 232 = 2*h, -5*h - 2*o = -842 + 278. What is the units digit of h?
2
Suppose 3*b - 5*n = -20, 3*b - n - 3*n + 16 = 0. Let m be (-3)/5 + (-28)/(-5). Suppose y - m*z - 27 = b, -y + 2*z = 3*y - 18. What is the units digit of y?
2
Let x be 2/(-3) + (-250)/(-15). Suppose 3*j = -s + j + x, 4*s + 5*j - 70 = 0. What is the tens digit of s?
2
Let j(u) = u**3 - 2*u**2 - 3*u + 2. Let v be j(3). Let f = v - -3. Suppose 0 = -3*x, -4*k + 2 = -3*k - f*x. What is the units digit of k?
2
Let h(j) = -2*j**2 + 7*j - 6. Let a be h(4). What is the units digit of (18/(-5))/(a/25)?
9
Suppose 5*q - 128 - 10 = 4*h, 2*q + 2*h = 66. Let k = -21 + q. What is the units digit of k?
9
Let c be (0 + -3)/((-1)/15). Suppose 4*i = -4*z + 32, -5*i = 4*z - 17 - 18. Suppose -x + 2 - 12 = -3*j, -4*x - z*j + c = 0. What is the units digit of x?
5
Let f(s) = 2*s**3 + s + 1. Let l be f(-1). Let j be (l + (-2)/4)*-4. What is the units digit of (16/j)/((-14)/(-35))?
4
Let w be 3 + -2 + (0 - -1). Suppose -5*x + 3*x = -6. Suppose -3*l = -c - 4*c + 49, -w*c + x*l = -25. What is the units digit of c?
8
Let s be (-1 - 0)/((-2)/34). Suppose 5*b = -4*q + 35, -q + s = 3*q - b. What is the units digit of q?
5
Let j = -1 - -3. What is the units digit of (2/5)/(j/50)?
0
What is the units digit of (10/(-8))/((-2)/32)?
0
Suppose -5 = 2*s - 2*j + 1, 3*j = 9. Suppose -b + 5*b - 24 = s. Suppose -5*v + 2*z + 3 = -17, 2*z = -2*v - b. What is the units digit of v?
2
Let k(x) = -18*x**2 + x + 1. Let y be k(-1). What is the units digit of (6/(y/(-105)))/1?
5
Let q(s) be the first derivative of -s**4/4 + 7*s**3/3 + 9*s**2/2 + 10*s + 4. What is the tens digit of q(8)?
1
Let a = 738 + -509. What is the hundreds digit of a?
2
Let l(p) = -p**3 + 4*p**2 - 2*p. Let r be l(2). Let g(x) = -x**2 + 2. Let v be g(0). Suppose -v - 2 = -r*c. What is the units digit of c?
1
Let o(s) = s**3 + 7*s**2 + 3*s - 6. Let j be o(-7). Let g be 6/j + 14/(-18). What is the units digit of g + 0 + 6/2?
2
Let b be (7/(-4))/((-2)/(-8)). Let a = b - -7. Suppose -4*h + 0*h + 4*w + 8 = a, 5*h - 4*w = 9. What is the units digit of h?
1
Let t = -12 - -53. What is the tens digit of t?
4
Let i(r) = 28*r**3 - r**2 + r. Let x be i(1). Suppose -x = -5*k + k. Let f = 12 - k. What is the units digit of f?
5
Suppose 34*v - 656 = 30*v. What is the hundreds digit of v?
1
Suppose -o = -33 - 102. What is the hundreds digit of o?
1
Suppose 6*t - 4*t = 2*u + 18, -3*t - 5*u + 11 = 0. Suppose -2*o + t*o = 75. What is the units digit of o?
5
Suppose 3*i = q + 18 + 16, 2*i - 5*q = 27. What is the tens digit of i?
1
Let l(d) = -d**3 + d**2 + 1. Let y be l(0). Suppose 3*r + y = g + 5, -5*r = 3*g + 12. Suppose -a + 5 = -r*a. What is the units digit of a?
5
Let t be (-1 - -8 - 0) + -1. Let h(k) be the third derivative of k**5/60 - k**4/8 - 4*k**3/3 + k**2. What is the tens digit of h(t)?
1
Let r(x) = x**3 - 8*x**2 + 8*x - 5. What is the units digit of r(8)?
9
Suppose 1571 = 8*p - 333. What is the units digit of p?
8
Let v(w) = 3*w + 47. What is the tens digit of v(0)?
4
Suppose 43 = 2*a - 0*a - w, 0 = 2*a - 4*w - 58. What is the tens digit of a?
1
Suppose -5*y + 0*n + 2*n + 50 = 0, 0 = 4*y - 2*n - 42. What is the units digit of y?
8
Let l = 6 + 55. What is the units digit of l?
1
Let y = -44 + 103. Suppose -2*b + y = 4*q - 7*b, 4*q = 3*b + 53. What is the units digit of q?
1
Let r(i) = 2*i + 6*i**2 + 5*i**3 - 4*i - 8 - 4*i**3. Suppose 0 = 5*k - 4*l + 42, 0 = 5*k + 3*l + 29 - 8. What is the units digit of r(k)?
4
Let o(w) = -w**3 - 3*w**2 + 2*w - 3. Let d be o(-4). Suppose -3*r - 156 = -d*z + r, 2*z = 4*r + 72. What is the units digit of z?
8
Let j(o) = o + 9. Let b be j(-7). Suppose 3*z + 22 = y, 58 = y + 4*y - b*z. What is the tens digit of y?
1
Suppose 4*b - 40 = -b. Let i(o) = 3 + 1 + 9*o + 0 - o**2. What is the units digit of i(b)?
2
Suppose 0 = -3*z - 7 + 22. Suppose z*p + 26 = 71. What is the units digit of p?
9
Let a = 0 + 3. Suppose -a*g + 24 + 3 = 0. What is the units digit of g?
9
Suppose -4*j + 5*u + 16 = 2*u, 2*u = -5*j + 20. Let v(c) be the second derivative of c**5/20 - c**4/3 + 3*c**2/2 - 3*c. What is the units digit of v(j)?
3
Let t = 10 + -7. Let r(k) = t*k**2 + k + 4 - 4*k - 2*k**2. What is the units digit of r(4)?
8
Let h(d) be the third derivative of d**6/120 - d**5/12 + d**4/24 - 4*d**2. What is the units digit of h(5)?
5
What is the tens digit of 1/(-4) - 3553/(-68)?
5
Let s(f) = 2*f**2 - 7*f - 4 + 3*f**3 + 17 + 8*f**2. Let n(k) = -5*k**3 - 19*k**2 + 13*k - 25. Let d(u) = 4*n(u) + 7*s(u). What is the units digit of d(6)?
9
Let w be 3 + 0 - (-5 + 6). Suppose 3*l = w*l + 21. What is the units digit of l?
1
Suppose -5*t - 27 =